 z be p(15). Suppose 22*b - z*b = 126. List the prime factors of b.
2, 3
Suppose 3*t + 25016 = 11*t. List the prime factors of t.
53, 59
Let o be 1127/(-5) + 6/(-10). Let r = -149 - o. What are the prime factors of r?
7, 11
Suppose -3*y - 496 = 113. Let o = y - -415. What are the prime factors of o?
2, 53
Let h = 1 - 39. Let k = h - -116. List the prime factors of k.
2, 3, 13
Let p(f) = -f**3 - 4*f**2 - 2*f + 5. Let m be p(-3). Suppose m*r + 4*k = 13 + 5, -2*r = -3*k - 39. What are the prime factors of r?
3, 5
Let q = 1568 + -1041. List the prime factors of q.
17, 31
Let u = -160 + 649. Suppose 4*k = u - 185. What are the prime factors of k?
2, 19
Let f(g) = -39*g**3 - g**2 - 2*g - 1. Let i = 17 + -18. Let k be f(i). Suppose k = 5*j - 2*j. List the prime factors of j.
13
Suppose -53*y + 40*y + 65 = 0. What are the prime factors of y?
5
Let w(c) = -c**3 + 10*c**2 - 6*c - 12. Let m be w(9). Let z = m + 10. Suppose 0 = -5*f + z, f - 3*f = d - 39. List the prime factors of d.
29
Let w = -183 + 200. What are the prime factors of w?
17
Let s(x) = -x**2 + 2*x**2 + 4*x**2 + 0*x**2 + 3*x + 4. What are the prime factors of s(-2)?
2, 3
Let q(r) = -r**3 + 10*r**2 + r - 6. Let h be q(10). Suppose -4*c + h*z = 3*z - 162, -90 = -2*c - 4*z. What are the prime factors of c?
41
Let l(f) = 18*f**3 + f**2 + f - 2. Let z be l(1). Suppose 2*k = 22 + z. Let d = k + -9. What are the prime factors of d?
11
Let m be (-20)/8*(-2 + -2). Let y be (-4)/m + 72/30. Suppose y*v - 83 = 55. What are the prime factors of v?
3, 23
Let x(m) = -m**3 - 7*m**2 - 9*m - 8. Let i be x(-6). List the prime factors of (i/5)/(6/207).
3, 23
Let l(b) = 194*b**2 - 2*b + 5. List the prime factors of l(-3).
7, 251
Let a = -13 + -154. Let p = -94 - a. List the prime factors of p.
73
Let z(y) = 7*y. Let f be z(2). Let j be (-42)/(-18) - 2/6. Let n = f - j. What are the prime factors of n?
2, 3
Suppose -11*k = -12*k + 100. Let p = -37 + k. List the prime factors of p.
3, 7
Let y(a) be the second derivative of a**5/20 - 2*a**4/3 + 7*a**3/6 + 9*a**2/2 - 7*a. What are the prime factors of y(7)?
3
Suppose 2*n - 18 - 14 = 0. Let p be (37/2)/((-4)/n). What are the prime factors of (4 + 0)*p/(-8)?
37
What are the prime factors of (-3)/((-312)/16) + 22800/13?
2, 877
Let o(b) = 8*b**2 - 11*b**3 - 2*b**2 + 12*b**3 + 3. Let l be o(-6). List the prime factors of 23 - (-4 + l + -2).
2, 13
Suppose x - 2 = 2*x. What are the prime factors of 4 - (x + -14)*4?
2, 17
Suppose -h = -p - 5*h - 1, -4*p = -4*h + 44. Let y be (-30)/p*(-15)/(-10). Suppose 0 = -4*o + y*a + 15, -23 = -2*o + a - 8. List the prime factors of o.
2, 5
Let g = -516 - -1015. List the prime factors of g.
499
Let d(f) = f - 3. Let n = 6 - 13. Let w be d(n). What are the prime factors of 3*-1*w/15?
2
Suppose 3*x - 3*n + 13 = 5*x, 0 = -5*n + 5. Suppose 2*a - 75 = -x*h, h - 2*a = -0*a + 27. What are the prime factors of h?
17
Let z(g) = -3*g**2 + 12*g - 6. Let j(h) = 10*h**2 - 35*h + 19. Let s(d) = 2*j(d) + 7*z(d). Suppose 0 = 76*i - 52*i - 264. List the prime factors of s(i).
29
Suppose 0 = -3*a - 0 + 6. Suppose 0*n + 2*n - 122 = -a*z, 3*n - 126 = -2*z. List the prime factors of z.
3, 19
Let c = -1292 + 2152. Let d = -557 + c. What are the prime factors of d?
3, 101
Let q be 18/15*60/9. Suppose 5*i = 4*n - 9, 3*n = -4*i + q*n. Let y(s) = s**2 - 7*s - 10. List the prime factors of y(i).
2, 5
Suppose 17 = 2*s - 5*c, -2*c + 28 = -2*s + 7*s. Suppose -p - s + 160 = 0. What are the prime factors of p?
2, 7, 11
Let f be 3*-62*(-1)/(-6). Let n = f + 9. Let l = n + 42. List the prime factors of l.
2, 5
Suppose 8*k - 4402 + 2818 = 0. What are the prime factors of k?
2, 3, 11
Let w be (42/(-4))/(-7)*2. Suppose -m + f + 67 = 0, -4*m + w*f - 131 = -400. What are the prime factors of m?
2, 17
Let n = -1 + 7. Let s(d) = 2*d**2 - 8*d - 5. What are the prime factors of s(n)?
19
Let i = 22 - -38. List the prime factors of i.
2, 3, 5
Let f = -151 - -574. List the prime factors of f.
3, 47
Let k(g) = 1381*g**2 + 4*g - 5. What are the prime factors of k(1)?
2, 3, 5, 23
Let t(s) = -s**3 - 12*s**2 + 14*s + 16. Let f be t(-12). Let l = f + 217. What are the prime factors of l?
5, 13
Let u = 12 + -7. Suppose j - 2*m = -4*j - 12, 0 = u*m + 20. Let v = 9 - j. List the prime factors of v.
13
Suppose -x = -3*x - 22. Let c = 14 + x. Suppose -c*h + 44 = -h. What are the prime factors of h?
2, 11
Let z(l) = 8*l - 8. Let m be 8/(0 - 2) - -29. Suppose 2*f - m = -3*f. What are the prime factors of z(f)?
2
Suppose 3*g - 3*u = -869 + 305, 193 = -g + 2*u. Let f = -49 - g. What are the prime factors of f?
2, 67
Let z be 711/(-5) + 15/75. Let j = -33 - z. What are the prime factors of j?
109
Let u be -3*((-2275)/(-15))/(-5). Let n = 185 - u. List the prime factors of n.
2, 47
Let p(l) = 17 - 36*l**2 + 2*l - 5 + 37*l**2 + 3*l. List the prime factors of p(-7).
2, 13
Let r(w) = -2*w**2 - 4*w. Let f be r(-3). Let z be f/(((-8)/7)/4). Suppose x - z = -6. List the prime factors of x.
3, 5
Let d = 133 - 117. What are the prime factors of 18/(-54) + d/(-6) + 69?
2, 3, 11
Suppose 4*y = -4*p - p + 5342, -4261 = -4*p + y. List the prime factors of p.
2, 13, 41
What are the prime factors of 66663/72 + 100/32 + -3?
2, 463
Let l(v) = v**2 + 2. Let a be l(0). Let g(m) = 10*m**2 - 397*m + 197*m + 196*m + 2. List the prime factors of g(a).
2, 17
Let s be (-12)/30 + (-1054)/(-10). Let c = 287 - s. What are the prime factors of c?
2, 7, 13
Let b(l) = l**3 - l**2 - l + 52. Let f be b(0). Let j = -54 - -88. Let s = f - j. List the prime factors of s.
2, 3
Suppose 2*r = 45 + 81. Let c = r - 6. List the prime factors of c.
3, 19
Suppose -c + 26 = 30. Suppose -4*q + 32 = -8. Let p = q - c. List the prime factors of p.
2, 7
Let o(z) = -5*z - 2. Let n be o(-1). Suppose -n*y + y + 56 = 0. List the prime factors of y.
2, 7
Let v = -437 - -694. List the prime factors of v.
257
Let p be 87 + 3/(-3)*4. Let j = 253 - p. Suppose -j = 10*f - 15*f. What are the prime factors of f?
2, 17
Let o be (2/6)/(2/24). Suppose -o*u - 2 + 6 = 0. Let t = u - -11. What are the prime factors of t?
2, 3
Let m = -263 + 764. What are the prime factors of m?
3, 167
Let s be (-6 + 8)/((-2)/5). Let k(v) = -v**3 - 6*v**2 - 5*v + 5. Let t be k(s). Suppose 2*x + 0*x + t*b = 54, -16 = 4*b. What are the prime factors of x?
37
Let p = 3406 + -2361. What are the prime factors of p?
5, 11, 19
Let c be 4 + 0 + -110 + 4. Let g = c + 180. What are the prime factors of g?
2, 3, 13
Let o = 8 + -8. Suppose 2*h - 6 = -o, 0 = -3*z - 5*h + 24. What are the prime factors of 6/15*300/z?
2, 5
Let a = 77 - 128. Let f(w) = w**3 + 9*w**2 - 16. Let x be f(-7). Let r = a + x. List the prime factors of r.
31
Let k = 161 + -29. Let t = 14 + k. What are the prime factors of t?
2, 73
Let r = 4386 + -2135. What are the prime factors of r?
2251
What are the prime factors of 51*3 + 160/32?
2, 79
Let b = 23 - 24. What are the prime factors of (-2)/((-12)/(-14) + b)?
2, 7
Let p = -1015 + 1891. What are the prime factors of p?
2, 3, 73
Suppose -j + 4*r + 809 = 17, -20 = 4*r. List the prime factors of j.
2, 193
Let u(v) = 5*v**3 - 2*v**2 - v + 2. Let g be u(1). Suppose 2*n - g*i - 250 = 0, -495 = n - 5*n + 3*i. List the prime factors of n.
3, 41
Let o be (-1)/(-4) + (-122)/8. Let f = o - 11. What are the prime factors of -1 - (f - (3 - 3))?
5
Let u = -166 + 445. Suppose -3*n + 21 = -u. What are the prime factors of n?
2, 5
Let k be (0 - 1/3)*9. Let c be k/((-9)/21) + -3. Suppose 160 = c*u - 120. What are the prime factors of u?
2, 5, 7
Suppose -2*n + n = -161. Let h = -89 + n. What are the prime factors of h?
2, 3
Let a(u) = 6*u**2 - 17*u + 121. List the prime factors of a(15).
2, 19
Suppose 2782 = 4*u - 11430. List the prime factors of u.
11, 17, 19
Let j(u) = u + 1. Let c(w) = -8*w + 20. Let b(t) = -c(t) - 5*j(t). List the prime factors of b(19).
2
Suppose 19*t + 1125 = 22*t. List the prime factors of t.
3, 5
Suppose 4*x - 2670 = -0*x - 2*m, 4*x - 2658 = 2*m. Suppose -x = l - 7*l. List the prime factors of l.
3, 37
Let s(k) = -k**3 + 3*k**2 + 4*k + 2. Let v be s(4). Suppose q - v = -q. List the prime factors of -1*(-16 + -1) - q.
2
Let v(g) = g**3 - 17*g**2 - 2. Let y be v(17). List the prime factors of (-3330)/(-42) + y/7.
79
Let x be 242 + 4*(-3)/(-6). Suppose 0 = 5*l - 3